ist the prime factors of 46372619.
43, 157, 6869
List the prime factors of 1373559891.
3, 11, 41623027
What are the prime factors of 5470645053?
3, 19, 95976229
List the prime factors of 139018330.
2, 5, 11, 1263803
What are the prime factors of 809636842?
2, 7, 57831203
List the prime factors of 2276335.
5, 197, 2311
What are the prime factors of 209136143?
467, 447829
List the prime factors of 955140608.
2, 1865509
List the prime factors of 208660687.
61, 3420667
What are the prime factors of 518233137?
3, 37, 4668767
What are the prime factors of 527447055?
3, 5, 79, 445103
List the prime factors of 20653593.
3, 139, 49529
What are the prime factors of 1681435?
5, 7, 6863
What are the prime factors of 926114874?
2, 3, 5261, 29339
List the prime factors of 527704398.
2, 3, 13, 2255147
What are the prime factors of 163427494?
2, 17, 101, 47591
List the prime factors of 687681160.
2, 5, 17192029
What are the prime factors of 707262485?
5, 2383, 59359
What are the prime factors of 68272711?
13, 547, 9601
List the prime factors of 799821878.
2, 399910939
What are the prime factors of 215701027?
839, 257093
What are the prime factors of 19698869?
17, 1158757
What are the prime factors of 1075503484?
2, 11, 24443261
What are the prime factors of 879894865?
5, 7901, 22273
What are the prime factors of 206768653?
7, 13, 2272183
List the prime factors of 4145036875.
5, 7, 193, 4909
What are the prime factors of 297988469?
839, 355171
List the prime factors of 417547803.
3, 139182601
List the prime factors of 270889798.
2, 17, 7967347
What are the prime factors of 6094909116?
2, 3, 199, 659, 1291
List the prime factors of 181356729.
3, 19, 97, 32801
List the prime factors of 47636040.
2, 3, 5, 17, 19, 1229
What are the prime factors of 31181183?
11, 2834653
What are the prime factors of 1878419113?
877, 1399, 1531
What are the prime factors of 671641990?
2, 5, 67164199
List the prime factors of 210519456.
2, 3, 7, 313273
List the prime factors of 3131424919.
7, 1481, 43151
List the prime factors of 3836179022.
2, 13, 41, 3598667
List the prime factors of 69891874.
2, 13, 1129, 2381
What are the prime factors of 367961706?
2, 3, 7, 293, 9967
What are the prime factors of 14883051?
3, 4961017
List the prime factors of 3703212706.
2, 1851606353
List the prime factors of 18323279.
13, 47, 29989
List the prime factors of 2019863294.
2, 1789, 564523
What are the prime factors of 80844810?
2, 3, 5, 19, 141833
List the prime factors of 168434312.
2, 21054289
What are the prime factors of 18325241?
11, 1665931
List the prime factors of 3736858225.
5, 367, 407287
List the prime factors of 839398690.
2, 5, 13, 263, 24551
List the prime factors of 17454830.
2, 5, 1031, 1693
List the prime factors of 1577723250.
2, 3, 5, 17, 29, 251
List the prime factors of 629015713.
29, 53, 61, 6709
List the prime factors of 387490534.
2, 193745267
List the prime factors of 498080466.
2, 3, 13, 2128549
What are the prime factors of 1405609001?
79, 17792519
List the prime factors of 80902724.
2, 7, 58967
What are the prime factors of 1357925?
5, 29, 1873
List the prime factors of 109096272.
2, 3, 491, 1543
What are the prime factors of 21726366?
2, 3, 167, 21683
What are the prime factors of 2911593386?
2, 13, 111984361
What are the prime factors of 3396375334?
2, 11, 154380697
List the prime factors of 1295469409.
13, 257, 387749
List the prime factors of 49530674.
2, 157, 233, 677
What are the prime factors of 122320225?
5, 67, 103, 709
What are the prime factors of 3606544921?
7, 4969, 103687
What are the prime factors of 1802472969?
3, 11, 137, 229, 1741
List the prime factors of 4692613090.
2, 5, 11, 42660119
List the prime factors of 591118202.
2, 295559101
List the prime factors of 70082245.
5, 17, 824497
What are the prime factors of 99238473?
3, 3675499
List the prime factors of 23365186.
2, 13, 898661
List the prime factors of 2920087715.
5, 601, 881, 1103
What are the prime factors of 1933753085?
5, 11, 4283, 8209
What are the prime factors of 345429568?
2, 11, 239, 2053
What are the prime factors of 9217941?
3, 157, 19571
What are the prime factors of 353519771?
11, 271, 10781
List the prime factors of 444192643.
17, 181, 241, 599
What are the prime factors of 36240507?
3, 1342241
What are the prime factors of 5246048592?
2, 3, 251, 16127
What are the prime factors of 166807380?
2, 3, 5, 2780123
List the prime factors of 61261974.
2, 3, 1134481
List the prime factors of 121093439.
121093439
What are the prime factors of 324320333?
449, 722317
List the prime factors of 755104898.
2, 577, 797, 821
List the prime factors of 106884810.
2, 3, 5, 61, 19469
What are the prime factors of 112962473?
13, 668417
List the prime factors of 85423659.
3, 131, 217363
List the prime factors of 2977130265.
3, 5, 59, 401, 8389
What are the prime factors of 51925024?
2, 19, 41, 2083
What are the prime factors of 91681541?
7, 13097363
List the prime factors of 27423396.
2, 3, 7, 11, 13, 761
What are the prime factors of 44157322?
2, 11, 2007151
What are the prime factors of 7755387253?
7177, 1080589
What are the prime factors of 868711897?
868711897
What are the prime factors of 314064770?
2, 5, 23, 1365499
List the prime factors of 851188741.
13, 41, 43, 37139
What are the prime factors of 57050142?
2, 3, 9508357
List the prime factors of 664063409.
24889, 26681
List the prime factors of 13188716.
2, 41, 137, 587
What are the prime factors of 252417572?
2, 11, 5736763
List the prime factors of 12109214.
2, 13, 465739
What are the prime factors of 20185875?
3, 5, 5981
List the prime factors of 62991223.
61, 1032643
What are the prime factors of 36639820?
2, 5, 7, 261713
What are the prime factors of 45222657?
3, 15074219
List the prime factors of 312353427.
3, 17, 31, 197567
What are the prime factors of 346546681?
13, 19, 23, 61001
List the prime factors of 2427099257.
11, 220645387
What are the prime factors of 2832810359?
6421, 441179
What are the prime factors of 51823725?
3, 5, 29, 23827
List the prime factors of 1082542960.
2, 5, 359, 37693
List the prime factors of 19306027.
13, 409, 3631
List the prime factors of 113218836.
2, 3, 103, 139, 659
What are the prime factors of 5063840478?
2, 3, 163, 197, 8761
List the prime factors of 51422453.
43, 59, 20269
What are the prime factors of 73128192?
2, 3, 95219
What are the prime factors of 1395999631?
13, 557, 192791
List the prime factors of 2950582725.
3, 5, 13113701
List the prime factors of 33190984.
2, 4148873
List the prime factors of 967455515.
5, 13, 29, 513239
List the prime factors of 3380257264.
2, 59, 257, 13933
What are the prime factors of 725100790?
2, 5, 72510079
List the prime factors of 2631979127.
37, 313, 227267
List the prime factors of 313108273.
29, 10796837
List the prime factors of 224199560.
2, 5, 13, 431153
What are the prime factors of 12705072?
2, 3, 19, 13931
What are the prime factors of 40638126?
2, 3, 17, 239, 1667
What are the prime factors of 272493494?
2, 7, 13, 43, 34819
What are the prime factors of 536874588?
2, 3, 37, 134353
List the prime factors of 2006863495.
5, 7, 13, 709, 6221
List the prime factors of 47204762.
2, 11, 107, 1823
List the prime factors of 1763200529.
167, 10558087
What are the prime factors of 467393235?
3, 5, 23, 41, 173, 191
What are the prime factors of 4090793197?
4090793197
List the prime factors of 167282638.
2, 677, 123547
What are the prime factors of 739469822?
2, 7, 13, 4063021
What are the prime factors of 43388980?
2, 5, 53, 40933
What are the prime factors of 123828011?
37, 139, 24077
What are the prime factors of 726664262?
2, 363332131
What are the prime factors of 131652429?
3, 4673, 9391
What are the prime factors of 97750358?
2, 29, 73, 23087
What are the prime factors of 114602462?
2, 13, 41, 107507
List the prime factors of 3377931971.
47, 101, 223, 3191
List the prime factors of 1354801991.
41, 33043951
List the prime factors of 9462253939.
137, 69067547
What are the prime factors of 41754469?
1031, 40499
List the prime factors of 89176752.
2, 3, 7, 88469
What are the prime factors of 2941633907?
251, 1951, 6007
What are the prime factors of 226447248?
2, 3, 4717651
What are the prime factors of 72814472?
2, 1097, 8297
What are the prime factors of 